 prime factors of r.
3
List the prime factors of 8/((-3)/6*-4).
2
Let j = 534 + -308. What are the prime factors of j?
2, 113
Let t(q) = -q**3 - 5*q**2 + 3*q + 1. What are the prime factors of t(-7)?
2, 3, 13
Let s(n) = 2*n**2 + n. Let m be s(1). Let a be 10/m*(-12)/(-10). List the prime factors of (-1)/(-2)*a + 0.
2
Suppose 2*c + 2*c = 12. Suppose 4*r = c*r + 8. List the prime factors of r.
2
Suppose 2*s + 3*f - 226 = 101, 3*s - 2*f = 458. What are the prime factors of s?
2, 3, 13
Suppose -u + 4*w + 0*w + 20 = 0, -3*u + 5*w + 32 = 0. Suppose -u*c = 2*g - 6*g + 8, 16 = 4*c. List the prime factors of g.
2, 3
Let x be (0*3/(-9))/1. Suppose 2*z + 8 = -x. What are the prime factors of 2*((-4)/2 - z)?
2
Let b be (-4)/(-6) - 1/(-3). Suppose -z + 2 = -r + b, 4*z + 4*r = 12. What are the prime factors of z?
2
Let c(b) = -3*b - 18. Suppose 2*w + w - 6 = 0. Let n(z) = z + 9. Let i(t) = w*c(t) + 5*n(t). What are the prime factors of i(7)?
2
Suppose -3*t + i + 222 = 0, t - 71 - 3 = 3*i. List the prime factors of t.
2, 37
List the prime factors of (-12)/(-10)*(-350)/(-21).
2, 5
Let d(k) = -k**2 - 18*k - 12. List the prime factors of d(-14).
2, 11
Let z(y) = y**3 - 5*y**2 + 2*y - 1. Let b be z(5). Let c = b + -6. Let v = 6 + c. List the prime factors of v.
3
Let n = -16 - 773. List the prime factors of 2/(-9) + n/(-27).
29
Suppose -3*n + 15 - 75 = 0. Let l be -1 + -31 + (0 - -2). Let u = n - l. List the prime factors of u.
2, 5
Suppose z - 8 = -3*z. Suppose 0*m + 42 = 2*w - z*m, 0 = -3*m - 12. What are the prime factors of w?
17
Suppose -4*r + 104 = -3*z, -4*r = -z - 56 - 56. List the prime factors of r.
29
Suppose -7*m = -6*m - 2. List the prime factors of (-9 + 2)*(m + -9).
7
Let a(l) = l**3 - 5*l**2 + 2*l - 2. Let z be a(4). Let m = z + 12. List the prime factors of m.
2
Let v be (-2)/(-4) - (-175)/10. What are the prime factors of 3/(-3)*(-1 - v)?
19
Suppose 2*s - 170 = -3*s. List the prime factors of s.
2, 17
Suppose -4*d - 2*t + 368 = 0, 7*d - 372 = 3*d - 4*t. Suppose 5*r = -2*m + d - 10, 3*r = 5*m - 125. List the prime factors of m.
2, 7
Suppose -2*x - 5 = 3. List the prime factors of ((-9)/x)/(21/112).
2, 3
List the prime factors of ((-744)/(-18) - 6)/(4/18).
3, 53
Suppose 5 + 5 = 5*b. Let x(q) = q + q - 5*q - 2*q - 2 - q**b. What are the prime factors of x(-3)?
2
Suppose 2*w = -w + k + 8, -3*w = 4*k + 2. Let v(b) = b**3 + 3 - 3*b - b**2 + b**w + 4*b. List the prime factors of v(0).
3
Let c = 15 + -7. Suppose c*x = 11*x - 54. List the prime factors of x.
2, 3
Suppose 5*g + 13 = c, 2*g + 5 + 14 = 5*c. Let i be ((-21)/c)/(0 - 1). Let l = 3 + i. What are the prime factors of l?
2, 5
Let s(j) = 2*j**2 - 11*j - 2. List the prime factors of s(-6).
2, 17
Suppose -x - 174 = -3*l - 58, -143 = -4*l - x. Suppose -3*d - 4*v + l = -12, 2*v + 47 = 5*d. What are the prime factors of d?
11
Suppose 4*p = 2*n - 4 + 34, 3*n + 29 = -2*p. Let d be (-20)/n + 6/33. What are the prime factors of (-1 + d)*16 - -1?
17
Suppose 5*t + o - 76 = 15, 2*t + 2*o - 30 = 0. Suppose t + 8 = 3*m. What are the prime factors of m + (0 + 1)*-3?
2, 3
Let z(w) = -w**3 - 9*w**2 - w + 2. Suppose d + 0*d + 9 = 0. Let t be z(d). Suppose u + o + 0 - t = 0, -5*o + 46 = 4*u. What are the prime factors of u?
3
Suppose -2*a + 8*a = 1002. List the prime factors of a.
167
Suppose -4*q + 4*n - 2*n = -18, -4*q - 2*n = -22. List the prime factors of q.
5
Suppose 8*t - 69 = 5*t. What are the prime factors of t?
23
Let y(k) = k**2 - 15*k - 3. What are the prime factors of y(17)?
31
Let v(o) = -o**3 + 7*o**2 + 2*o + 10. Let p be v(7). Suppose 2*s - 12 = p. What are the prime factors of s?
2, 3
List the prime factors of -39*(-1)/(-3)*-3.
3, 13
Let k(m) = -m**3 - 19*m**2 + 10*m - 22. What are the prime factors of k(-20)?
2, 89
Suppose -63 + 273 = 3*f. Let l = 104 - f. List the prime factors of l.
2, 17
Suppose 6*h + 3*d = 2*h + 5, -4*d + 15 = -3*h. Let a(w) = 16*w**2 + w + 2. What are the prime factors of a(h)?
17
Let j = 78 + -41. What are the prime factors of j?
37
Let t(c) be the first derivative of -8*c - 9/2*c**2 + 1/4*c**4 + 2*c**3 - 3. What are the prime factors of t(-7)?
2, 3
Let r = 24 + -20. Suppose 6*o = r*o + 68. List the prime factors of o.
2, 17
Suppose 16 = -4*k + 8*k. What are the prime factors of 22/6 - k/6?
3
Let o = -126 - -351. List the prime factors of o.
3, 5
Suppose -r + 0 = 10. Let i be (8/r)/(4/(-10)). List the prime factors of ((-5)/(15/(-18)))/i.
3
Suppose -g + 3 + 8 = 0. Let d = g - -1. What are the prime factors of d?
2, 3
Let a(r) = -2*r + r**3 + 1 + 5*r - 8*r**2 + 5*r**2. What are the prime factors of a(4)?
29
Suppose -45 = 5*y - 0*y. Let i = 23 + y. List the prime factors of i.
2, 7
Let k = 10 - 5. Let f(z) = z**3 - 6*z**2 + 6*z + 5. Let j be f(k). Suppose -2*a = -j, 4*d + 4 = 4*a + 12. What are the prime factors of d?
7
Suppose -2*v - 3*u + 358 = 0, 538 = 3*v + u + 3*u. What are the prime factors of v?
2, 7, 13
Let l = 2 - 3. Let f = l + 5. List the prime factors of f/3 + (-2)/(-3).
2
Suppose -4*l = -l + 5*t - 34, 0 = 5*l - 3*t - 34. List the prime factors of l.
2
Let u(d) = 10*d + 13. List the prime factors of u(10).
113
Suppose w = 5, -4*h - w + 2*w + 87 = 0. What are the prime factors of h?
23
Suppose -5*p = 3*y + 5, y - 3 - 2 = -5*p. What are the prime factors of p?
2
Let u = -251 + 530. List the prime factors of u.
3, 31
Let g(m) = m**2 - 2*m. Let w be g(4). Suppose 6*a - a = 2*t + 20, w = 2*a - 2*t. List the prime factors of a.
2
Let q(b) be the second derivative of -b**6/240 - b**5/30 + b**4/6 + 3*b. Let j(t) be the third derivative of q(t). What are the prime factors of j(-5)?
11
Suppose 15*i - 2004 = -594. What are the prime factors of i?
2, 47
Suppose 154 = 2*c - 68. List the prime factors of c/21 - (-10)/(-35).
5
What are the prime factors of (186/10)/((-12)/(-120))?
2, 3, 31
Let t(s) = s**3 - 7*s**2 + 8*s - 7. Let p be t(6). Let w be ((-3)/6 - 0)*-10. Suppose -13 = -3*g + w*y - 3, -p*g = 5*y - 70. List the prime factors of g.
2, 5
Let d(n) = -2*n**3 - n**2 - 1. Let m be 2/(-11) + (-186)/66. Let q be d(m). Suppose 0 = 2*l + 2*l - q. What are the prime factors of l?
11
Let k(y) = -y**2 - 5*y - 6. Suppose -16 = 3*b - 4, -4*w - 4*b - 40 = 0. Let m be k(w). What are the prime factors of (-4)/m*(-15)/(-1)?
5
Suppose -4*y + 103 = -153. What are the prime factors of y?
2
Let v(m) = 2*m**2 + 2*m - 9. What are the prime factors of v(-6)?
3, 17
Let y be 4 - -4 - (0 + 2). Suppose -y*s = -3*s - 39. List the prime factors of s.
13
Suppose r - 1527 = -5*o - r, 1555 = 5*o - 5*r. Suppose -5*j + o = 47. Suppose 5*k = 8 + j. List the prime factors of k.
2, 3
Let q(x) = -x**2 + 9*x + 14. Let o be q(10). Let a = o - -19. List the prime factors of a.
23
Suppose -3*b = b - 12. Suppose 0 = 4*d + b*q - 12, d - 8 = -3*d - 4*q. What are the prime factors of d?
2, 3
Suppose -312 = -18*c + 14*c. What are the prime factors of c?
2, 3, 13
Let q(r) = -r**2 - 4*r - 2. Let v be q(-4). Let b be -1 + v + 1 + -10. Let g = b + 22. List the prime factors of g.
2, 5
Suppose 4*q = 6 + 2. Suppose -q*a - a = 21. Let t = a + 11. What are the prime factors of t?
2
Let u(o) = o**3 + 2*o**2 + 3*o + 10. What are the prime factors of u(5)?
2, 5
List the prime factors of 3 + 114/2 + 2.
2, 31
Let l(j) = -3*j - 18. Suppose 3 = -g - 3*d + 4, g - 3*d = -17. List the prime factors of l(g).
2, 3
Let r = -216 + 456. List the prime factors of r.
2, 3, 5
Let g = -283 - -451. Let z be (3/(-2))/(2/4). List the prime factors of (2/z)/((-16)/g).
7
Let x(b) = 2*b**2 - 6*b - 3. What are the prime factors of x(5)?
17
Suppose 0*b = 2*b - 162. What are the prime factors of b?
3
Let w(i) be the second derivative of -i**5/20 + 5*i**4/6 - 5*i**3/3 + 7*i**2/2 - 4*i. Let t be w(9). What are the prime factors of 1 - 7/t*6?
2, 11
Let f(d) = -d**3 - 7*d**2 + 7*d - 4. Let s be f(-8). Suppose 0 = -2*a - 4, t = s*a - 3*a + 8. List the prime factors of t.
2, 3
Let n(r) = 3*r**3 - 5*r**2 + 20*r + 26. Let x(a) = -2*a**3 + 3*a**2 - 13*a - 17. Let v(y) = 5*n(y) + 8*x(y). List the prime factors of v(-4).
2, 29
Suppose -218 = -45*q + 43*q. What are the prime factors of q?
109
Suppose c + 16 = 5*h - 40, -h = 2*c + 167. Let g = -43 - c. What are the prime factors of g?
2, 19
Let u = 13 + -6. Let x be ((-3)/(-3))/(1/u). Suppose 0 = z + 4*h - x, -3*